
Is 2241 a factor of 290153475?
True
Is 14005505 a multiple of 29?
False
Is 39 a factor of 153232872?
True
Is 39536673 a multiple of 13?
False
Does 153 divide 331597053?
True
Does 403 divide 36283053?
False
Is 14 a factor of 3135118?
True
Is 1038494 a multiple of 15?
False
Is 225 a factor of 202835700?
True
Is 11 a factor of 72342516?
False
Does 190 divide 1262234926?
False
Is 50 a factor of 954468?
False
Is 10 a factor of 4777690?
True
Is 63097648 a multiple of 368?
True
Is 48105492 a multiple of 404?
True
Does 463 divide 1881148628?
True
Is 1610933200 a multiple of 419?
False
Does 1852 divide 148091476?
True
Is 3 a factor of 248755290?
True
Is 18 a factor of 8109185?
False
Is 9 a factor of 17810370?
True
Is 279 a factor of 4921842?
False
Does 3 divide 90775048?
False
Is 18 a factor of 11415042?
True
Is 38072836 a multiple of 20?
False
Does 70 divide 562401342?
False
Is 402866820 a multiple of 94?
False
Is 951258449 a multiple of 15?
False
Does 4098 divide 404786135?
False
Does 783 divide 233261875?
False
Is 1183218717 a multiple of 51?
True
Is 54 a factor of 81399071?
False
Is 920 a factor of 31128037?
False
Does 117 divide 2555556588?
True
Does 1783 divide 40951944?
True
Is 2416534272 a multiple of 522?
True
Is 9 a factor of 123645060?
True
Does 232 divide 12574824?
False
Does 348 divide 5336928?
True
Is 58381223 a multiple of 111?
False
Is 11 a factor of 27736468?
False
Is 28965517 a multiple of 22?
False
Is 910 a factor of 928637016?
False
Is 48146920 a multiple of 50?
False
Does 805 divide 26736465?
True
Is 5432 a factor of 1174311488?
True
Does 230 divide 345109021?
False
Is 19683178 a multiple of 3?
False
Is 511 a factor of 36457806?
True
Is 11231234 a multiple of 7?
True
Is 71 a factor of 908514793?
True
Does 4657 divide 1371686751?
True
Is 2463332606 a multiple of 4321?
False
Does 311 divide 1638177261?
True
Is 2601 a factor of 25227099?
True
Is 3496771 a multiple of 11?
False
Is 16 a factor of 634520870?
False
Does 126 divide 463435448?
False
Is 2744223372 a multiple of 33?
True
Is 3266411 a multiple of 727?
True
Is 164864 a multiple of 112?
True
Is 143 a factor of 133085667?
True
Is 10313298 a multiple of 27?
True
Is 12 a factor of 6596675?
False
Is 47 a factor of 2486411?
False
Does 5 divide 314995110?
True
Does 866 divide 38031256?
True
Is 44583462 a multiple of 1197?
True
Is 126854520 a multiple of 44?
False
Is 627 a factor of 26720859?
True
Is 1423 a factor of 333036074?
True
Is 2715 a factor of 550662?
False
Is 181 a factor of 45597258?
False
Does 94 divide 3495450724?
True
Is 1016036827 a multiple of 12?
False
Is 411 a factor of 192030297?
True
Is 22501662 a multiple of 323?
False
Is 91346416 a multiple of 6?
False
Is 2599289893 a multiple of 11777?
True
Is 21 a factor of 81087870?
False
Does 1571 divide 3592877?
True
Is 270 a factor of 1343778367?
False
Is 220 a factor of 45463440?
True
Does 139 divide 17491760?
True
Does 10185 divide 1787046994?
False
Is 43699856 a multiple of 5?
False
Is 106262244 a multiple of 106?
True
Does 211 divide 8361745?
False
Is 221641693 a multiple of 13?
True
Does 18 divide 47421414?
True
Is 1214491395 a multiple of 39?
True
Does 1140 divide 7376940?
True
Is 15574482 a multiple of 66?
True
Is 580 a factor of 2897028?
False
Is 518 a factor of 16673384?
True
Is 846221344 a multiple of 237?
False
Is 20361620 a multiple of 1682?
False
Is 15149 a factor of 1722534912?
False
Does 1684 divide 1501110469?
False
Is 1305170866 a multiple of 2002?
False
Does 388 divide 6521538?
False
Does 330 divide 70870169?
False
Is 31240388 a multiple of 4?
True
Is 207 a factor of 5090806?
False
Is 216 a factor of 3678334?
False
Is 471 a factor of 367560518?
False
Does 53 divide 7286109333?
True
Is 1559 a factor of 204635899?
True
Does 2 divide 8652353?
False
Does 118 divide 41990855?
False
Is 945 a factor of 1800273195?
True
Is 336 a factor of 133776318?
False
Is 1370601124 a multiple of 126?
False
Is 1571 a factor of 2957033602?
True
Is 525121985 a multiple of 4056?
False
Is 3204 a factor of 416399088?
False
Does 93 divide 30400770?
True
Is 2503 a factor of 19310645?
True
Does 2436 divide 88671156?
False
Is 1817655776 a multiple of 106?
True
Does 2251 divide 6379334?
True
Is 158939237 a multiple of 19?
True
Is 157111069 a multiple of 4512?
False
Does 4 divide 70245559?
False
Is 6 a factor of 500698211?
False
Does 9 divide 100940265?
True
Is 31796961 a multiple of 110?
False
Is 22646592 a multiple of 1032?
False
Is 4414751688 a multiple of 1164?
True
Is 25105686 a multiple of 667?
False
Is 234932425 a multiple of 481?
True
Does 180 divide 847790460?
True
Does 271 divide 54224681?
False
Is 2924 a factor of 826313110?
False
Is 28 a factor of 2749489?
False
Is 71 a factor of 68535032?
False
Does 27 divide 28379646?
True
Does 47 divide 955887314?
False
Is 502 a factor of 13858011?
False
Is 686279280 a multiple of 120?
True
Is 6 a factor of 13401139?
False
Is 436290716 a multiple of 562?
True
Is 41514874 a multiple of 1262?
False
Is 113478882 a multiple of 363?
True
Does 943 divide 388345309?
False
Is 66057540 a multiple of 48?
False
Does 14 divide 1693345808?
True
Is 613 a factor of 246967892?
True
Is 201355111 a multiple of 1492?
False
Does 10046 divide 1676214808?
False
Is 2269 a factor of 255200578?
False
Does 344 divide 661437220?
False
Is 333269778 a multiple of 62?
True
Is 9605376 a multiple of 379?
True
Does 60 divide 1375857300?
True
Does 174 divide 2528046?
True
Does 437 divide 11387925?
False
Is 9 a factor of 4272432?
False
Does 185 divide 33858145?
True
Is 379 a factor of 508314285?
False
Does 1406 divide 692744350?
False
Is 5661 a factor of 268552179?
True
Is 797678808 a multiple of 27?
False
Does 22 divide 234114892?
True
Is 15 a factor of 342473460?
True
Is 2065137062 a multiple of 102?
False
Is 456 a factor of 50161368?
True
Does 974 divide 383139455?
False
Is 81 a factor of 906484689?
True
Is 474 a factor of 426824676?
True
Is 262581840 a multiple of 246?
False
Is 261841680 a multiple of 1509?
True
Does 528 divide 5390352?
True
Does 106 divide 2442191096?
False
Does 15 divide 110766027?
False
Is 55940736 a multiple of 128?
True
Is 449597328 a multiple of 24?
True
Is 2017 a factor of 176731557?
True
Is 140 a factor of 16618420?
True
Is 60 a factor of 769646885?
False
Does 719 divide 15565835?
False
Is 2 a factor of 19871067?
False
Does 898 divide 45104562?
False
Is 106117752 a multiple of 4?
True
Is 75 a factor of 1771200?
True
Is 130344915 a multiple of 6?
False
Is 313513241 a multiple of 3?
False
Is 67758935 a multiple of 145?
True
Does 299 divide 129012719?
False
Is 3 a factor of 56417829?
True
Is 1275 a factor of 109817025?
True
Is 388894428 a multiple of 1497?
False
Does 3699 divide 38169981?
True
Does 109 divide 448502518?
True
Does 397 divide 17011053?
True
Does 949 divide 52068111?
False
Is 58 a factor of 5278290?
True
Is 2589890 a multiple of 121?
False
Is 244 a factor of 134004800?
True
Is 67689468 a multiple of 252?
True
Is 74 a factor of 113731559?
False
Is 7 a factor of 20194713?
True
Is 45873381 a multiple of 18?
False
Does 4 divide 1355176952?
True
Is 7 a factor of 2554643?
True
Is 1348632435 a multiple of 2279?
True
Is 583 a factor of 39456274?
True
Is 1281204036 a multiple of 18?
True
Does 478 divide 8872615?
False
Does 47 divide 543649?
True
Does 28 divide 382132498?
False
Is 5823166 a multiple of 544?
False
Does 2 divide 4162378?
True
Is 3678 a factor of 413461254?
False
Is 74 a factor of 437667139?
False
Is 190859942 a multiple of 13?
True
Does 114 divide 1663145?
False
Does 4184 divide 1264706461?
False
Is 581664497 a multiple of 127?
False
Is 44 a factor of 2572648804?
True
Does 2 divide 518585665?
False
Is 35 a factor of 13219110?
False
Does 2625 divide 25507125?
True
Is 28659637 a multiple of 182?
False
Does 219 divide 820981506?
True
Does 3046 divide 564582192?
True
Is 22 a factor of 1841635030?
False
Is 7556 a factor of 79083205?
False
Does 2774 divide 436676826?
False
Is 267849714 a multiple of 28?
False
Is 2236 a factor of 148402318?
False
Does 320 divide 297828800?
True
Is 24 a factor of 1694351832?
True
Is 2 a factor of 106063573?
False
Is 59 a factor of 158984491?
False
Is 452021460 a multiple of 330?
True
Is 95 a factor of 3027678863?
False
Does 4 divide 7059706?
False
Is